. Suppose 126 = 6*x - r*x. What is the remainder when x is divided by 12?
9
Let i be 282/(-24) - (-2)/(-8). Let z(g) = g + 17. Let c be z(i). What is the remainder when 19 is divided by (-18)/(-4) - c/(-10)?
4
Suppose 0*k + 2*k + 5*h + 1 = 0, k + h - 1 = 0. Suppose 1 = -k*b + 3. Let r = b - -12. What is the remainder when r is divided by 8?
5
Suppose 5*h + l = -16, 3*h + 3*l - l + 4 = 0. Calculate the remainder when (-1)/h + (-225)/(-12) is divided by 7.
5
What is the remainder when (-1)/((-270)/134 + 2) is divided by (69/(-6))/((-1)/2)?
21
Let w(m) be the third derivative of 79*m**4/24 - m**3/3 - m**2. Let t = -116 + 117. Calculate the remainder when w(t) is divided by 20.
17
Let u(d) = d**3 - 12*d**2 - 8*d - 100. Calculate the remainder when u(18) is divided by 131.
128
Suppose 5*o - 2*t = -3 - 2, -2*o = 4*t + 26. Suppose -2*h = -6*h + 3*d + 123, -2*d = h - 17. What is the remainder when h is divided by 3*(o/9 + 2)?
2
What is the remainder when 323 is divided by 1*165/6 - 3/(-2)?
4
Let y = 9 + -4. Let s = 10 - y. Suppose -157 = -s*f + 358. What is the remainder when f is divided by 26?
25
Let b(c) = 5*c - 7. Let o(n) = 14*n - 21. Let u(j) = 8*b(j) - 3*o(j). Calculate the remainder when u(-9) is divided by 7.
4
Let l = 202 + -194. Calculate the remainder when ((-12)/10)/((-2)/50) is divided by l.
6
Suppose -52*i + 74*i = 704. Calculate the remainder when 184 is divided by i.
24
Let u(g) = g**3 - 11*g**2 + 3. Let l be u(11). Suppose 5*k - l*p = p + 111, p + 4 = 0. What is the remainder when 30 is divided by k?
11
Suppose 8 = -4*m - 4. Let c be 11 + m + -1 + 2. Calculate the remainder when 34 is divided by (c/2)/((-4)/(-8)).
7
Suppose 6*x + 66 = 3*i + 3*x, 2*i - 5*x - 29 = 0. Calculate the remainder when i is divided by 9.
0
Let z(x) = x**3 + 4*x**2 - 7*x - 14. Let c be z(-6). Let o = -37 - c. What is the remainder when 27 is divided by o?
6
Let o be 24*(3 + (-9)/4). Let g be (-405)/10*2/(-3). Let p = g - o. What is the remainder when 44 is divided by p?
8
Suppose -5*n - 8 = -13*n. Let v = n + 63. Calculate the remainder when v is divided by 17.
13
Suppose 50 = 8*p - 3*p. Suppose 3*q = -p + 1, -3*t + q + 27 = 0. What is the remainder when 31 is divided by t?
7
Let m be 6*1/((-4)/6). Let s = 38 + m. What is the remainder when s is divided by 16?
13
Suppose 0 = 4*j + 5*v - 421, -121 = -3*j + 2*v + 166. What is the remainder when j is divided by 69?
30
Let q(a) = -a + 40. Let j be q(-18). Let b = -29 + j. Calculate the remainder when b is divided by 9.
2
Let b = 421 + -236. What is the remainder when b is divided by 32?
25
Let c(g) = 2*g + 76. Calculate the remainder when 20 is divided by c(-36).
0
Let t(o) = 2*o**3 - 5*o**2 + 9*o - 4. Calculate the remainder when t(4) is divided by 7.
3
Suppose -2*h + 0*h + 216 = 0. Let w(u) = -5*u**3 - 2*u**2 - 1. What is the remainder when w(-2) is divided by (-12)/(-21) + h/7?
15
Let n(c) = -c**2 - 16*c + 7. Calculate the remainder when n(-16) is divided by 5.
2
Suppose -43*f = -45*f - 18. What is the remainder when 294/((135/(-10))/f) is divided by 18?
16
Suppose 23*n = 17*n + 312. Calculate the remainder when n is divided by 3.
1
Suppose -v = 2*v - 126. Suppose -2*d - b - v = -4*d, 86 = 4*d - 3*b. What is the remainder when (-30)/(-50)*1*65 is divided by d?
19
Suppose 2*h - 3 = 3*f - 61, 4*f - 85 = -5*h. Calculate the remainder when 557 is divided by f.
17
Let q = 64 + -15. Calculate the remainder when q is divided by 4/1 - (-8 - 5).
15
Suppose -46*z + 47*z - 118 = 0. Calculate the remainder when z is divided by 10.
8
Let s = 8 - 8. Suppose -4*y + 2*a + 90 = s, -4*y + 3*a = 4*a - 105. Suppose -f + 21 = 2*k, 51 = 4*k + 5*f - 0. What is the remainder when y is divided by k?
7
Let t be (2 - 3)*(2 - 7). Calculate the remainder when 8 is divided by (1 - 2)*(3 - t).
0
Let x = 22 - -15. What is the remainder when 182 is divided by x?
34
Let t = -129 + 170. Suppose -c = 3, 0 = -4*u - 6*c + c + 161. Suppose -22 = z - 3*z - 4*x, 3*x + u = 4*z. Calculate the remainder when t is divided by z.
8
Suppose -5*x + 2*u + 927 = 0, 4*x + 0*u - 736 = 3*u. Suppose -f + 12*f = x. Calculate the remainder when 50 is divided by f.
16
Let x(v) = 76*v - 267. Calculate the remainder when x(5) is divided by 15.
8
Let s be 3/5 - -43*(-36)/30. Calculate the remainder when 43 is divided by (-1179)/s + 2/(-17).
20
Let l(r) = -4*r - 13. Let m be l(-11). Let v = m + -31. Let n(a) = -a**2 + 2*a + 69. Calculate the remainder when n(v) is divided by 18.
15
Suppose -2*k + 106 = -0*k. Suppose 5*j = 112 + k. Suppose 4*h - 77 = -5*t, h = t + 1 + 16. What is the remainder when j is divided by h?
15
What is the remainder when (118/12)/((-95)/(-30) + -3) is divided by (-153)/(-5) + 6/15?
28
Let q(w) = w**3 - 4*w**2 + 3*w + 6. Let t be q(5). Suppose 2*y + 2*n - t = 0, 87 = 6*y - y - 2*n. Calculate the remainder when y is divided by 12.
7
Let y(m) = m**2 + 5*m + 3. Let t be y(-5). Let i = -5 + t. Let b(f) = 15*f**2 - 2*f - 3. What is the remainder when b(i) is divided by 16?
13
Let m(z) = -2*z**2 + 6*z + 66. Let v(s) = -3*s**2 + 12*s + 133. Let k(y) = -5*m(y) + 3*v(y). Calculate the remainder when k(0) is divided by 24.
21
Let g = 94 - -150. What is the remainder when g is divided by 23?
14
Suppose 5*c = 20 + 435. Let x(t) = t**3 - 5*t**2 + 3*t - 11. Let k be x(5). Suppose 3*m = k*m - 23. Calculate the remainder when c is divided by m.
22
Suppose 6*w + 148 = -170. Let u = w + 92. What is the remainder when u is divided by 8?
7
Let o(q) = 4*q**2 + q + 17. Let z be o(5). Let x = -86 + z. Calculate the remainder when 140 is divided by x.
32
Let a be ((-13)/39)/(1/(-12)). Suppose 5*c + 0*v - a*v = 306, -5*v = 4*c - 212. What is the remainder when c is divided by 12?
10
Let o = 2 + 1. Suppose m + 6 = o*m. Suppose -m*i = -3*k - 33, -k - 3 = -i - 2*k. What is the remainder when 19 is divided by i?
5
Let b(u) = -u**3 - 4*u**2 + 3*u - 6. Let f be b(-5). Suppose k - 4*d = 35, -4*k + 15 + 65 = f*d. What is the remainder when 112 is divided by k?
20
Suppose 0*o + 5*o - 110 = 0. Let v = 11 + o. Suppose 5*p - 92 = -32. What is the remainder when v is divided by p?
9
Suppose -20*r + 19*r + 2 = 0. Suppose j + 5*b - 26 - 24 = 0, -2*b + 60 = r*j. Calculate the remainder when j is divided by 14.
11
Let d(j) = 3*j**2 + 3*j + 3. Let w be d(0). Calculate the remainder when 99 is divided by ((-80)/w + (-6)/(-9))/(-1).
21
Let p = 484 + -407. What is the remainder when p is divided by 30?
17
Let k = 39 + -25. Calculate the remainder when 69 is divided by k.
13
Calculate the remainder when (6/(-5) + 7/35)*-222 is divided by 14.
12
Let y(j) be the second derivative of 7*j**4/6 - j**3/6 - j**2 - 8*j. Calculate the remainder when y(3) is divided by 31.
28
Let n(u) = -9*u**3 + u**2 + u. Let w be n(-1). Let f be (-5)/(-15) - (-60)/w. Let s = 23 + f. What is the remainder when 57 is divided by s?
27
Suppose -17*m = -43*m + 6604. Calculate the remainder when m is divided by 37.
32
Let p(y) = y**3 - 5*y**2 + 4*y + 4. Let j be p(4). Let x = j - -8. What is the remainder when 46 is divided by x?
10
Let q = -9 + 18. Suppose 0 = -3*u - 2*a + 1, a + 0 + 1 = 0. Suppose -5*w - q = u, i - 4*w = 48. Calculate the remainder when i is divided by 14.
12
Suppose 4*d - 16 = -92. Let w = 20 + d. Let u(c) = 18*c**3 + 2*c**2 + c - 2. What is the remainder when 56 is divided by u(w)?
18
Calculate the remainder when (-24)/21*(-3052)/8 is divided by 110.
106
Suppose 44*m - 2240 = 48. Let v = -51 - -257. Calculate the remainder when v is divided by m.
50
Let s = -5 + 27. Let u(m) = -44*m**3 - 3*m**2 + m. Let o be u(1). Let x = -40 - o. What is the remainder when s is divided by x?
4
Suppose 0 = i + 4, -5*x - 69 + 13 = -i. Let u be ((-2)/6)/((-4)/x). Calculate the remainder when 0/u + 3 - -45 is divided by 13.
9
Let n(t) = -t**3 - 2*t**2 - t + 7. Calculate the remainder when n(-4) is divided by 13.
4
Let r be (-36)/(-15) + (-12)/30. Suppose -r*w - 202 = -32. Let f = 206 + w. Calculate the remainder when f is divided by 31.
28
Suppose -2*r = -7*r + 115. Calculate the remainder when 65 is divided by r.
19
Let g(j) = -j + 1. Suppose -6*d + 174 = -3*d. Let y = d - 35. What is the remainder when y is divided by g(-7)?
7
Suppose 0*o - 5*o = 30. Let n be (9/o)/(15/(-20)). Suppose 3*p - n*p - 12 = 0. What is the 